{"id":9,"date":"2025-11-02T18:10:30","date_gmt":"2025-11-02T18:10:30","guid":{"rendered":"https:\/\/depogunleri.com\/?page_id=9"},"modified":"2025-11-05T02:36:27","modified_gmt":"2025-11-05T02:36:27","slug":"sepet","status":"publish","type":"page","link":"https:\/\/depogunleri.com\/?page_id=9","title":{"rendered":"Sepet"},"content":{"rendered":"\n<div data-block-name=\"woocommerce\/cart\" class=\"wp-block-woocommerce-cart alignwide is-loading\">\n<div data-block-name=\"woocommerce\/filled-cart-block\" class=\"wp-block-woocommerce-filled-cart-block\">\n<div data-block-name=\"woocommerce\/cart-items-block\" class=\"wp-block-woocommerce-cart-items-block\">\n<div data-block-name=\"woocommerce\/cart-line-items-block\" class=\"wp-block-woocommerce-cart-line-items-block\"><\/div>\n\n\n<\/div>\n\n\n\n\n<div data-block-name=\"woocommerce\/cart-totals-block\" class=\"wp-block-woocommerce-cart-totals-block\">\n<div data-block-name=\"woocommerce\/cart-order-summary-block\" class=\"wp-block-woocommerce-cart-order-summary-block\">\n<div data-block-name=\"woocommerce\/cart-order-summary-heading-block\" class=\"wp-block-woocommerce-cart-order-summary-heading-block\"><\/div><div data-block-name=\"woocommerce\/cart-order-summary-coupon-form-block\" class=\"wp-block-woocommerce-cart-order-summary-coupon-form-block\"><\/div><div data-block-name=\"woocommerce\/cart-order-summary-totals-block\" class=\"wp-block-woocommerce-cart-order-summary-totals-block\">\n<div data-block-name=\"woocommerce\/cart-order-summary-subtotal-block\" class=\"wp-block-woocommerce-cart-order-summary-subtotal-block\"><\/div>\n<div data-block-name=\"woocommerce\/cart-order-summary-discount-block\" class=\"wp-block-woocommerce-cart-order-summary-discount-block\"><\/div>\n<div data-block-name=\"woocommerce\/cart-order-summary-fee-block\" class=\"wp-block-woocommerce-cart-order-summary-fee-block\"><\/div>\n<div data-block-name=\"woocommerce\/cart-order-summary-shipping-block\" class=\"wp-block-woocommerce-cart-order-summary-shipping-block\"><\/div>\n<div data-block-name=\"woocommerce\/cart-order-summary-taxes-block\" class=\"wp-block-woocommerce-cart-order-summary-taxes-block\"><\/div><\/div>\n<\/div>\n\n\n\n<div data-block-name=\"woocommerce\/cart-express-payment-block\" class=\"wp-block-woocommerce-cart-express-payment-block\"><\/div>\n\n\n\n<div data-block-name=\"woocommerce\/proceed-to-checkout-block\" class=\"wp-block-woocommerce-proceed-to-checkout-block\"><\/div>\n\n\n\n<div data-block-name=\"woocommerce\/cart-accepted-payment-methods-block\" class=\"wp-block-woocommerce-cart-accepted-payment-methods-block\"><\/div>\n<\/div>\n<\/div>\n\n\n\n<div data-block-name=\"woocommerce\/empty-cart-block\" class=\"wp-block-woocommerce-empty-cart-block\">\n<h2 class=\"wp-block-heading has-text-align-center with-empty-cart-icon wc-block-cart__empty-cart__title\">Sepetiniz \u015fu anda bo\u015f!<\/h2>\n\n\n\n<hr class=\"wp-block-separator has-alpha-channel-opacity is-style-dots\"\/>\n\n\n\n<h2 class=\"wp-block-heading has-text-align-center\">Ma\u011fazada yeni<\/h2>\n\n\n<div data-block-name=\"woocommerce\/product-new\" data-columns=\"4\" data-rows=\"1\" class=\"wc-block-grid wp-block-product-new wp-block-woocommerce-product-new wc-block-product-new has-4-columns\"><ul class=\"wc-block-grid__products\"><li class=\"wc-block-grid__product\">\n\t\t\t\t<a href=\"https:\/\/depogunleri.com\/?product=siemens-sn27yi82dt-b-enerji-sinifi-13-kisilik-8-programli-bulasik-makinesi\" class=\"wc-block-grid__product-link\">\n\t\t\t\t\t<div class=\"wc-block-grid__product-onsale\">\n\t\t\t<span aria-hidden=\"true\">\u0130ndirim<\/span>\n\t\t\t<span class=\"screen-reader-text\">\u0130ndirimdeki \u00fcr\u00fcn<\/span>\n\t\t<\/div>\n\t\t\t\t\t<div class=\"wc-block-grid__product-image\"><img loading=\"lazy\" decoding=\"async\" width=\"536\" height=\"402\" src=\"https:\/\/depogunleri.com\/wp-content\/uploads\/2025\/11\/w51.webp\" class=\"attachment-woocommerce_thumbnail size-woocommerce_thumbnail\" alt=\"SIEMENS SN27YI82DT B Enerji S\u0131n\u0131f\u0131 13 Ki\u015filik 8 Programl\u0131 Bula\u015f\u0131k Makinesi\" srcset=\"https:\/\/depogunleri.com\/wp-content\/uploads\/2025\/11\/w51.webp 536w, https:\/\/depogunleri.com\/wp-content\/uploads\/2025\/11\/w51-300x225.webp 300w, https:\/\/depogunleri.com\/wp-content\/uploads\/2025\/11\/w51-150x113.webp 150w\" sizes=\"auto, (max-width: 536px) 100vw, 536px\" \/><\/div>\n\t\t\t\t\t<div class=\"wc-block-grid__product-title\">SIEMENS SN27YI82DT B Enerji S\u0131n\u0131f\u0131 13 Ki\u015filik 8 Programl\u0131 Bula\u015f\u0131k Makinesi<\/div>\n\t\t\t\t<\/a>\n\t\t\t\t<div class=\"wc-block-grid__product-price price\"><del aria-hidden=\"true\"><span class=\"woocommerce-Price-amount amount\"><span class=\"woocommerce-Price-currencySymbol\">&#8378;<\/span>59.999,00<\/span><\/del> <span class=\"screen-reader-text\">Orijinal fiyat: &#8378;59.999,00.<\/span><ins aria-hidden=\"true\"><span class=\"woocommerce-Price-amount amount\"><span class=\"woocommerce-Price-currencySymbol\">&#8378;<\/span>49.999,00<\/span><\/ins><span class=\"screen-reader-text\">\u015eu andaki fiyat: &#8378;49.999,00.<\/span><\/div>\n\t\t\t\t\n\t\t\t\t<div class=\"wp-block-button wc-block-grid__product-add-to-cart\"><a href=\"\/index.php?rest_route=%2Fwp%2Fv2%2Fpages%2F9&#038;add-to-cart=10737\" aria-label=\"Sepete ekle: \u201cSIEMENS SN27YI82DT B Enerji S\u0131n\u0131f\u0131 13 Ki\u015filik 8 Programl\u0131 Bula\u015f\u0131k Makinesi\u201d\" data-quantity=\"1\" data-product_id=\"10737\" data-product_sku=\"\" data-price=\"49999\" rel=\"nofollow\" class=\"wp-block-button__link  add_to_cart_button ajax_add_to_cart\">Sepete Ekle<\/a><\/div>\n\t\t\t<\/li><li class=\"wc-block-grid__product\">\n\t\t\t\t<a href=\"https:\/\/depogunleri.com\/?product=siemens-sn23hw62mt-d-enerji-sinifi-14-kisilik-bulasik-makinesi\" class=\"wc-block-grid__product-link\">\n\t\t\t\t\t<div class=\"wc-block-grid__product-onsale\">\n\t\t\t<span aria-hidden=\"true\">\u0130ndirim<\/span>\n\t\t\t<span class=\"screen-reader-text\">\u0130ndirimdeki \u00fcr\u00fcn<\/span>\n\t\t<\/div>\n\t\t\t\t\t<div class=\"wc-block-grid__product-image\"><img loading=\"lazy\" decoding=\"async\" width=\"536\" height=\"402\" src=\"https:\/\/depogunleri.com\/wp-content\/uploads\/2025\/11\/w41.webp\" class=\"attachment-woocommerce_thumbnail size-woocommerce_thumbnail\" alt=\"SIEMENS SN23HW62MT D Enerji S\u0131n\u0131f\u0131 14 Ki\u015filik Bula\u015f\u0131k Makinesi\" srcset=\"https:\/\/depogunleri.com\/wp-content\/uploads\/2025\/11\/w41.webp 536w, https:\/\/depogunleri.com\/wp-content\/uploads\/2025\/11\/w41-300x225.webp 300w, https:\/\/depogunleri.com\/wp-content\/uploads\/2025\/11\/w41-150x113.webp 150w\" sizes=\"auto, (max-width: 536px) 100vw, 536px\" \/><\/div>\n\t\t\t\t\t<div class=\"wc-block-grid__product-title\">SIEMENS SN23HW62MT D Enerji S\u0131n\u0131f\u0131 14 Ki\u015filik Bula\u015f\u0131k Makinesi<\/div>\n\t\t\t\t<\/a>\n\t\t\t\t<div class=\"wc-block-grid__product-price price\"><del aria-hidden=\"true\"><span class=\"woocommerce-Price-amount amount\"><span class=\"woocommerce-Price-currencySymbol\">&#8378;<\/span>33.999,00<\/span><\/del> <span class=\"screen-reader-text\">Orijinal fiyat: &#8378;33.999,00.<\/span><ins aria-hidden=\"true\"><span class=\"woocommerce-Price-amount amount\"><span class=\"woocommerce-Price-currencySymbol\">&#8378;<\/span>27.999,00<\/span><\/ins><span class=\"screen-reader-text\">\u015eu andaki fiyat: &#8378;27.999,00.<\/span><\/div>\n\t\t\t\t\n\t\t\t\t<div class=\"wp-block-button wc-block-grid__product-add-to-cart\"><a href=\"\/index.php?rest_route=%2Fwp%2Fv2%2Fpages%2F9&#038;add-to-cart=10733\" aria-label=\"Sepete ekle: \u201cSIEMENS SN23HW62MT D Enerji S\u0131n\u0131f\u0131 14 Ki\u015filik Bula\u015f\u0131k Makinesi\u201d\" data-quantity=\"1\" data-product_id=\"10733\" data-product_sku=\"\" data-price=\"27999\" rel=\"nofollow\" class=\"wp-block-button__link  add_to_cart_button ajax_add_to_cart\">Sepete Ekle<\/a><\/div>\n\t\t\t<\/li><li class=\"wc-block-grid__product\">\n\t\t\t\t<a href=\"https:\/\/depogunleri.com\/?product=siemens-sn55es82kt-d-enerji-sinifi-13-kisilik-8-programli-yari-ankastre-bulasik-makinesi\" class=\"wc-block-grid__product-link\">\n\t\t\t\t\t<div class=\"wc-block-grid__product-onsale\">\n\t\t\t<span aria-hidden=\"true\">\u0130ndirim<\/span>\n\t\t\t<span class=\"screen-reader-text\">\u0130ndirimdeki \u00fcr\u00fcn<\/span>\n\t\t<\/div>\n\t\t\t\t\t<div class=\"wc-block-grid__product-image\"><img loading=\"lazy\" decoding=\"async\" width=\"536\" height=\"402\" src=\"https:\/\/depogunleri.com\/wp-content\/uploads\/2025\/11\/w31.webp\" class=\"attachment-woocommerce_thumbnail size-woocommerce_thumbnail\" alt=\"SIEMENS SN55ES82KT D Enerji S\u0131n\u0131f\u0131 13 Ki\u015filik 8 Programl\u0131 Yar\u0131 Ankastre Bula\u015f\u0131k Makinesi\" srcset=\"https:\/\/depogunleri.com\/wp-content\/uploads\/2025\/11\/w31.webp 536w, https:\/\/depogunleri.com\/wp-content\/uploads\/2025\/11\/w31-300x225.webp 300w, https:\/\/depogunleri.com\/wp-content\/uploads\/2025\/11\/w31-150x113.webp 150w\" sizes=\"auto, (max-width: 536px) 100vw, 536px\" \/><\/div>\n\t\t\t\t\t<div class=\"wc-block-grid__product-title\">SIEMENS SN55ES82KT D Enerji S\u0131n\u0131f\u0131 13 Ki\u015filik 8 Programl\u0131 Yar\u0131 Ankastre Bula\u015f\u0131k Makinesi<\/div>\n\t\t\t\t<\/a>\n\t\t\t\t<div class=\"wc-block-grid__product-price price\"><del aria-hidden=\"true\"><span class=\"woocommerce-Price-amount amount\"><span class=\"woocommerce-Price-currencySymbol\">&#8378;<\/span>54.999,00<\/span><\/del> <span class=\"screen-reader-text\">Orijinal fiyat: &#8378;54.999,00.<\/span><ins aria-hidden=\"true\"><span class=\"woocommerce-Price-amount amount\"><span class=\"woocommerce-Price-currencySymbol\">&#8378;<\/span>40.999,00<\/span><\/ins><span class=\"screen-reader-text\">\u015eu andaki fiyat: &#8378;40.999,00.<\/span><\/div>\n\t\t\t\t\n\t\t\t\t<div class=\"wp-block-button wc-block-grid__product-add-to-cart\"><a href=\"\/index.php?rest_route=%2Fwp%2Fv2%2Fpages%2F9&#038;add-to-cart=10719\" aria-label=\"Sepete ekle: \u201cSIEMENS SN55ES82KT D Enerji S\u0131n\u0131f\u0131 13 Ki\u015filik 8 Programl\u0131 Yar\u0131 Ankastre Bula\u015f\u0131k Makinesi\u201d\" data-quantity=\"1\" data-product_id=\"10719\" data-product_sku=\"\" data-price=\"40999\" rel=\"nofollow\" class=\"wp-block-button__link  add_to_cart_button ajax_add_to_cart\">Sepete Ekle<\/a><\/div>\n\t\t\t<\/li><li class=\"wc-block-grid__product\">\n\t\t\t\t<a href=\"https:\/\/depogunleri.com\/?product=siemens-sn23hy62mt-d-enerji-sinifi-14-kisilik-6-programli-solo-bulasik-makinesi\" class=\"wc-block-grid__product-link\">\n\t\t\t\t\t<div class=\"wc-block-grid__product-onsale\">\n\t\t\t<span aria-hidden=\"true\">\u0130ndirim<\/span>\n\t\t\t<span class=\"screen-reader-text\">\u0130ndirimdeki \u00fcr\u00fcn<\/span>\n\t\t<\/div>\n\t\t\t\t\t<div class=\"wc-block-grid__product-image\"><img loading=\"lazy\" decoding=\"async\" width=\"536\" height=\"402\" src=\"https:\/\/depogunleri.com\/wp-content\/uploads\/2025\/11\/w21.webp\" class=\"attachment-woocommerce_thumbnail size-woocommerce_thumbnail\" alt=\"SIEMENS SN23HY62MT D Enerji S\u0131n\u0131f\u0131 14 Ki\u015filik 6 Programl\u0131 Solo Bula\u015f\u0131k Makinesi\" srcset=\"https:\/\/depogunleri.com\/wp-content\/uploads\/2025\/11\/w21.webp 536w, https:\/\/depogunleri.com\/wp-content\/uploads\/2025\/11\/w21-300x225.webp 300w, https:\/\/depogunleri.com\/wp-content\/uploads\/2025\/11\/w21-150x113.webp 150w\" sizes=\"auto, (max-width: 536px) 100vw, 536px\" \/><\/div>\n\t\t\t\t\t<div class=\"wc-block-grid__product-title\">SIEMENS SN23HY62MT D Enerji S\u0131n\u0131f\u0131 14 Ki\u015filik 6 Programl\u0131 Solo Bula\u015f\u0131k Makinesi<\/div>\n\t\t\t\t<\/a>\n\t\t\t\t<div class=\"wc-block-grid__product-price price\"><del aria-hidden=\"true\"><span class=\"woocommerce-Price-amount amount\"><span class=\"woocommerce-Price-currencySymbol\">&#8378;<\/span>34.999,00<\/span><\/del> <span class=\"screen-reader-text\">Orijinal fiyat: &#8378;34.999,00.<\/span><ins aria-hidden=\"true\"><span class=\"woocommerce-Price-amount amount\"><span class=\"woocommerce-Price-currencySymbol\">&#8378;<\/span>30.999,00<\/span><\/ins><span class=\"screen-reader-text\">\u015eu andaki fiyat: &#8378;30.999,00.<\/span><\/div>\n\t\t\t\t\n\t\t\t\t<div class=\"wp-block-button wc-block-grid__product-add-to-cart\"><a href=\"\/index.php?rest_route=%2Fwp%2Fv2%2Fpages%2F9&#038;add-to-cart=10707\" aria-label=\"Sepete ekle: \u201cSIEMENS SN23HY62MT D Enerji S\u0131n\u0131f\u0131 14 Ki\u015filik 6 Programl\u0131 Solo Bula\u015f\u0131k Makinesi\u201d\" data-quantity=\"1\" data-product_id=\"10707\" data-product_sku=\"\" data-price=\"30999\" rel=\"nofollow\" class=\"wp-block-button__link  add_to_cart_button ajax_add_to_cart\">Sepete Ekle<\/a><\/div>\n\t\t\t<\/li><\/ul><\/div><\/div>\n<\/div>\n","protected":false},"excerpt":{"rendered":"","protected":false},"author":1,"featured_media":0,"parent":0,"menu_order":0,"comment_status":"closed","ping_status":"closed","template":"","meta":{"footnotes":""},"class_list":["post-9","page","type-page","status-publish","hentry"],"yoast_head":"<!-- This site is optimized with the Yoast SEO plugin v26.2 - https:\/\/yoast.com\/wordpress\/plugins\/seo\/ -->\n<title>Sepet - Depo G\u00fcnleri<\/title>\n<meta name=\"robots\" content=\"index, follow, max-snippet:-1, max-image-preview:large, max-video-preview:-1\" \/>\n<link rel=\"canonical\" href=\"https:\/\/depogunleri.com\/?page_id=9\" \/>\n<meta property=\"og:locale\" content=\"tr_TR\" \/>\n<meta property=\"og:type\" content=\"article\" \/>\n<meta property=\"og:title\" content=\"Sepet - Depo G\u00fcnleri\" \/>\n<meta property=\"og:url\" content=\"https:\/\/depogunleri.com\/?page_id=9\" \/>\n<meta property=\"og:site_name\" content=\"Depo G\u00fcnleri\" \/>\n<meta property=\"article:modified_time\" content=\"2025-11-05T02:36:27+00:00\" \/>\n<meta name=\"twitter:card\" content=\"summary_large_image\" \/>\n<script type=\"application\/ld+json\" class=\"yoast-schema-graph\">{\"@context\":\"https:\/\/schema.org\",\"@graph\":[{\"@type\":\"WebPage\",\"@id\":\"https:\/\/depogunleri.com\/?page_id=9\",\"url\":\"https:\/\/depogunleri.com\/?page_id=9\",\"name\":\"Sepet - Depo G\u00fcnleri\",\"isPartOf\":{\"@id\":\"https:\/\/depogunleri.com\/#website\"},\"datePublished\":\"2025-11-02T18:10:30+00:00\",\"dateModified\":\"2025-11-05T02:36:27+00:00\",\"breadcrumb\":{\"@id\":\"https:\/\/depogunleri.com\/?page_id=9#breadcrumb\"},\"inLanguage\":\"tr\",\"potentialAction\":[{\"@type\":\"ReadAction\",\"target\":[\"https:\/\/depogunleri.com\/?page_id=9\"]}]},{\"@type\":\"BreadcrumbList\",\"@id\":\"https:\/\/depogunleri.com\/?page_id=9#breadcrumb\",\"itemListElement\":[{\"@type\":\"ListItem\",\"position\":1,\"name\":\"Anasayfa\",\"item\":\"https:\/\/depogunleri.com\/\"},{\"@type\":\"ListItem\",\"position\":2,\"name\":\"Sepet\"}]},{\"@type\":\"WebSite\",\"@id\":\"https:\/\/depogunleri.com\/#website\",\"url\":\"https:\/\/depogunleri.com\/\",\"name\":\"Depo G\u00fcnleri\",\"description\":\"\",\"potentialAction\":[{\"@type\":\"SearchAction\",\"target\":{\"@type\":\"EntryPoint\",\"urlTemplate\":\"https:\/\/depogunleri.com\/?s={search_term_string}\"},\"query-input\":{\"@type\":\"PropertyValueSpecification\",\"valueRequired\":true,\"valueName\":\"search_term_string\"}}],\"inLanguage\":\"tr\"}]}<\/script>\n<!-- \/ Yoast SEO plugin. -->","yoast_head_json":{"title":"Sepet - Depo G\u00fcnleri","robots":{"index":"index","follow":"follow","max-snippet":"max-snippet:-1","max-image-preview":"max-image-preview:large","max-video-preview":"max-video-preview:-1"},"canonical":"https:\/\/depogunleri.com\/?page_id=9","og_locale":"tr_TR","og_type":"article","og_title":"Sepet - Depo G\u00fcnleri","og_url":"https:\/\/depogunleri.com\/?page_id=9","og_site_name":"Depo G\u00fcnleri","article_modified_time":"2025-11-05T02:36:27+00:00","twitter_card":"summary_large_image","schema":{"@context":"https:\/\/schema.org","@graph":[{"@type":"WebPage","@id":"https:\/\/depogunleri.com\/?page_id=9","url":"https:\/\/depogunleri.com\/?page_id=9","name":"Sepet - Depo G\u00fcnleri","isPartOf":{"@id":"https:\/\/depogunleri.com\/#website"},"datePublished":"2025-11-02T18:10:30+00:00","dateModified":"2025-11-05T02:36:27+00:00","breadcrumb":{"@id":"https:\/\/depogunleri.com\/?page_id=9#breadcrumb"},"inLanguage":"tr","potentialAction":[{"@type":"ReadAction","target":["https:\/\/depogunleri.com\/?page_id=9"]}]},{"@type":"BreadcrumbList","@id":"https:\/\/depogunleri.com\/?page_id=9#breadcrumb","itemListElement":[{"@type":"ListItem","position":1,"name":"Anasayfa","item":"https:\/\/depogunleri.com\/"},{"@type":"ListItem","position":2,"name":"Sepet"}]},{"@type":"WebSite","@id":"https:\/\/depogunleri.com\/#website","url":"https:\/\/depogunleri.com\/","name":"Depo G\u00fcnleri","description":"","potentialAction":[{"@type":"SearchAction","target":{"@type":"EntryPoint","urlTemplate":"https:\/\/depogunleri.com\/?s={search_term_string}"},"query-input":{"@type":"PropertyValueSpecification","valueRequired":true,"valueName":"search_term_string"}}],"inLanguage":"tr"}]}},"jetpack_sharing_enabled":true,"_links":{"self":[{"href":"https:\/\/depogunleri.com\/index.php?rest_route=\/wp\/v2\/pages\/9","targetHints":{"allow":["GET"]}}],"collection":[{"href":"https:\/\/depogunleri.com\/index.php?rest_route=\/wp\/v2\/pages"}],"about":[{"href":"https:\/\/depogunleri.com\/index.php?rest_route=\/wp\/v2\/types\/page"}],"author":[{"embeddable":true,"href":"https:\/\/depogunleri.com\/index.php?rest_route=\/wp\/v2\/users\/1"}],"replies":[{"embeddable":true,"href":"https:\/\/depogunleri.com\/index.php?rest_route=%2Fwp%2Fv2%2Fcomments&post=9"}],"version-history":[{"count":1,"href":"https:\/\/depogunleri.com\/index.php?rest_route=\/wp\/v2\/pages\/9\/revisions"}],"predecessor-version":[{"id":1299,"href":"https:\/\/depogunleri.com\/index.php?rest_route=\/wp\/v2\/pages\/9\/revisions\/1299"}],"wp:attachment":[{"href":"https:\/\/depogunleri.com\/index.php?rest_route=%2Fwp%2Fv2%2Fmedia&parent=9"}],"curies":[{"name":"wp","href":"https:\/\/api.w.org\/{rel}","templated":true}]}}